{"id":3011,"date":"2014-07-23T12:04:34","date_gmt":"2014-07-23T10:04:34","guid":{"rendered":"http:\/\/2d6.fr\/?page_id=3011"},"modified":"2023-08-19T14:39:57","modified_gmt":"2023-08-19T12:39:57","slug":"3011-2","status":"publish","type":"page","link":"https:\/\/2d6.fr\/?page_id=3011","title":{"rendered":"Morceaux choisis de jdr"},"content":{"rendered":"<h1>V<a href=\"http:\/\/2d6.fr\/wp-content\/uploads\/2014\/07\/d20.jpg\"><img loading=\"lazy\" decoding=\"async\" class=\"alignleft size-full wp-image-3014\" title=\"d20\" src=\"http:\/\/2d6.fr\/wp-content\/uploads\/2014\/07\/d20.jpg\" alt=\"d\u00e9 \u00e0 20 faces\" width=\"54\" height=\"64\" \/><\/a>oici quelques moments choisis et commentaires s\u00e9lectionn\u00e9s de nos parties de jeu de r\u00f4les.<\/h1>\n<p>Nous jouons sporadiquement, et les meilleures r\u00e9parties sont fr\u00e9quentes lors des jeux que ce soit avec mes filles et leurs copains, ou mes potes.<\/p>\n<p>en voici une br\u00e8ve s\u00e9lection ( par ordre chronologique inverse. )<\/p>\n<ul>\n<li>\u00a0\u00ab\u00a0Ce apr\u00e8s quoi on court nous a rattrap\u00e9\u00a0\u00bb<\/li>\n<li>\u00ab\u00a0La maison est trop silencieuse pour \u00eatre honn\u00eate.\u00a0\u00bb<\/li>\n<li>\u00a0\u00a0 &#8230; \u00ab\u00a0Cet homme est trop maigre pour \u00eatre honn\u00eate.\u00a0\u00bb<\/li>\n<li>\u00a0\u00a0\u00a0\u00a0\u00a0 &#8230; \u00ab\u00a0il est trop honn\u00eate pour \u00eatre honn\u00eate !\u00a0\u00bb<\/li>\n<li>Lorsque pour retrouver notre chemin la cartomancienne s&rsquo;installe pour \u00ab\u00a0tirer les cartes routi\u00e8res\u00a0\u00bb..!<\/li>\n<li>\u00ab\u00a0J&rsquo;ai &lsquo;soins&rsquo;, je peux faire des trucs avec le mouton ?\u00a0\u00bb\u00a0 puis tire un critique..<\/li>\n<li>\u00ab\u00a0Avec qu&rsquo;on aille dans ta chambre, tu m&rsquo;avais expliqu\u00e9 quelque chose ..\u00a0\u00bb (et vu la r\u00e9putation de Don Juan du perso..)<\/li>\n<li>\u00ab\u00a0C&rsquo;est des cadavres morts ?!\u00a0\u00bb (lors d&rsquo;une partie o\u00f9 il y avait des zombies)<\/li>\n<li>Le MJ et le joueur du perso \u00e9claireur s&rsquo;isolent, discutent plusieurs minutes, puis le joueur revient : \u00ab\u00a0Y&rsquo;a rien !\u00a0\u00bb ( mmmh &#8230;. )<\/li>\n<li>Une palouf noble : pr\u00e9nom \u00ab\u00a0Feuille\u00a0\u00bb , nom \u00ab\u00a0de Perso\u00a0\u00bb&#8230;. !\u00a0 Et en plus alcoolo, elle passe son temps \u00e0 \u00eatre d\u00e9chir\u00e9e !<\/li>\n<li>Le perso redescend de la statue avec les yeux (des gemmes), et aux autres persos qui lui demandent de donner une arme, viiiite ! \u00a0\u00a0 \u00ab\u00a0c&rsquo;est pas une dague, c&rsquo;est un outil de joaillerie !\u00a0\u00bb<\/li>\n<li>\u00ab\u00a0Ils forment un cercle ! Comme un rond !\u00a0\u00bb<\/li>\n<li>\u00ab\u00a0Si je les suis, ils vont m\u2019assommer. Vas-y toi !\u00a0\u00bb<\/li>\n<li>\u00ab\u00a0Donc les 2 types qui sortent de prison sont Joe et Star ?\u00a0\u00bb<\/li>\n<li>( Dans un jeu d&rsquo;enqu\u00eate, apr\u00e8s avoir retrouv\u00e9 le responsable qualit\u00e9 du ciment, plong\u00e9 dans le b\u00e9ton) : \u00a0\u00bb ah ben il \u00e9tait consciencieux ! \u00ab\u00a0<\/li>\n<li>\u00a0\u00bb il y a des ogres d&rsquo;\u00e9levage qui peuvent \u00eatre tr\u00e8s gentils ! \u00ab\u00a0<\/li>\n<li>\u00ab\u00a0Attention derri\u00e8re toi, y&rsquo;a RIEN ! \u00ab\u00a0<\/li>\n<li>\u00a0\u00bb .. donc, sous un soleil de plomb on part chercher un manteau ?! \u00ab\u00a0<\/li>\n<li>\u00a0\u00bb &#8211; le monstre volant \u00e9tait gros ? il cachait combien d&rsquo;\u00e9toiles ?\u00a0\u00bb\u00a0 \u00a0\u00bb j&rsquo;en sais rien, je ne sais pas compter !\u00a0\u00bb<\/li>\n<li>le druide : \u00ab\u00a0je peux avoir une poule comme animal de compagnie ?\u00a0\u00bb\n<ul>\n<li>le m\u00eame druide : \u00ab\u00a0ou une hu\u00eetre ?\u00a0\u00bb<\/li>\n<\/ul>\n<\/li>\n<li>\u00ab\u00a0les elfes&#8230; \u00e7a bronze ?\u00a0\u00bb<\/li>\n<\/ul>\n","protected":false},"excerpt":{"rendered":"<p>Voici quelques moments choisis et commentaires s\u00e9lectionn\u00e9s de nos parties de jeu de r\u00f4les. Nous jouons sporadiquement, et les meilleures r\u00e9parties sont fr\u00e9quentes lors des jeux que ce soit avec mes filles et leurs copains, ou mes potes. en voici une br\u00e8ve s\u00e9lection ( par ordre chronologique inverse. ) \u00a0\u00ab\u00a0Ce apr\u00e8s quoi on court nous [&hellip;]<\/p>\n","protected":false},"author":2,"featured_media":0,"parent":17,"menu_order":1,"comment_status":"open","ping_status":"closed","template":"","meta":{"footnotes":""},"class_list":["post-3011","page","type-page","status-publish","hentry"],"_links":{"self":[{"href":"https:\/\/2d6.fr\/index.php?rest_route=\/wp\/v2\/pages\/3011","targetHints":{"allow":["GET"]}}],"collection":[{"href":"https:\/\/2d6.fr\/index.php?rest_route=\/wp\/v2\/pages"}],"about":[{"href":"https:\/\/2d6.fr\/index.php?rest_route=\/wp\/v2\/types\/page"}],"author":[{"embeddable":true,"href":"https:\/\/2d6.fr\/index.php?rest_route=\/wp\/v2\/users\/2"}],"replies":[{"embeddable":true,"href":"https:\/\/2d6.fr\/index.php?rest_route=%2Fwp%2Fv2%2Fcomments&post=3011"}],"version-history":[{"count":2,"href":"https:\/\/2d6.fr\/index.php?rest_route=\/wp\/v2\/pages\/3011\/revisions"}],"predecessor-version":[{"id":5683,"href":"https:\/\/2d6.fr\/index.php?rest_route=\/wp\/v2\/pages\/3011\/revisions\/5683"}],"up":[{"embeddable":true,"href":"https:\/\/2d6.fr\/index.php?rest_route=\/wp\/v2\/pages\/17"}],"wp:attachment":[{"href":"https:\/\/2d6.fr\/index.php?rest_route=%2Fwp%2Fv2%2Fmedia&parent=3011"}],"curies":[{"name":"wp","href":"https:\/\/api.w.org\/{rel}","templated":true}]}}